{"id":218,"date":"2019-03-04T15:30:48","date_gmt":"2019-03-04T15:30:48","guid":{"rendered":"http:\/\/ebikekrakowrental.com.pl\/?page_id=218"},"modified":"2019-04-11T15:22:08","modified_gmt":"2019-04-11T13:22:08","slug":"polityka-prywatnosci","status":"publish","type":"page","link":"https:\/\/ebikekrakowrental.com.pl\/?page_id=218&lang=pl","title":{"rendered":"Polityka prywatno\u015bci"},"content":{"rendered":"\n<p>Polityka prywatno\u015bci serwisu www.ebikekrakowrental.com.pl<\/p>\n\n\n\n<ol><li>Informacje og\u00f3lne <\/li><\/ol>\n\n\n\n<p>Niniejsza Polityka Prywatno\u015bci\nokre\u015bla zasady przetwarzania i ochrony danych osobowych przekazanych przez\nU\u017cytkownik\u00f3w w zwi\u0105zku z korzystaniem przez nich us\u0142ug wynajmu rower\u00f3w\nelektrycznych poprzez Serwis. <\/p>\n\n\n\n<p>2. Administratorem danych\nosobowych zawartych w serwisie jest :<\/p>\n\n\n\n<p><strong>DOMINIKA BRUSSMAN DAILY FRESH IDEAS<\/strong>&nbsp;\nz siedzib\u0105 &nbsp;<strong>31-271, Krak\u00f3w ul. Krowoderskich Zuch\u00f3w, 11\/26<\/strong> . &nbsp;NIP <strong>6771434975<\/strong>\n&nbsp;, REGON : <strong>120592921<\/strong>.<\/p>\n\n\n\n<p>3. W trosce o bezpiecze\u0144stwo\npowierzonych nam danych opracowali\u015bmy wewn\u0119trzne procedury i zalecenia, kt\u00f3re\nmaj\u0105 zapobiec udost\u0119pnieniu danych osobom nieupowa\u017cnionym. Kontrolujemy ich\nwykonywanie i stale sprawdzamy ich zgodno\u015b\u0107 z odpowiednimi aktami prawnymi &#8211;\nustaw\u0105 o ochronie danych osobowych, ustaw\u0105 o \u015bwiadczeniu us\u0142ug drog\u0105\nelektroniczn\u0105, a tak\u017ce wszelkiego rodzaju aktach wykonawczych i aktach prawa wsp\u00f3lnotowego.\n<\/p>\n\n\n\n<p>4. Dane Osobowe przetwarzane s\u0105\nna podstawie zgody wyra\u017canej przez U\u017cytkownika oraz w przypadkach, w kt\u00f3rych\nprzepisy prawa upowa\u017cniaj\u0105 Administratora do przetwarzania danych osobowych na\npodstawie przepis\u00f3w prawa lub w celu realizacji zawartej pomi\u0119dzy stronami\numowy.<\/p>\n\n\n\n<p>5. Serwis realizuje funkcje\npozyskiwania informacji o u\u017cytkownikach i ich zachowaniach w nast\u0119puj\u0105cy\nspos\u00f3b: <\/p>\n\n\n\n<ol><li>poprzez dobrowolnie wprowadzone w formularzach\ninformacje<\/li><li>poprzez gromadzenie plik\u00f3w \u201ccookies\u201d [patrz polityka\nplik\u00f3w \u201ccookies\u201d]. <\/li><\/ol>\n\n\n\n<p>6. Serwis zbiera informacje\ndobrowolnie podane przez u\u017cytkownika. <\/p>\n\n\n\n<p>7. Dane podane w formularzu s\u0105\nprzetwarzane w celu wynikaj\u0105cym z funkcji konkretnego formularza np. w celu\ndokonania procesu obs\u0142ugi kontaktu informacyjnego<\/p>\n\n\n\n<p>8. Dane osobowe pozostawione w\nserwisie nie zostan\u0105 sprzedane ani udost\u0119pnione osobom trzecim, zgodnie z\nprzepisami Ustawy o ochronie danych osobowych. <\/p>\n\n\n\n<p>9. Do danych zawartych w\nformularzu przys\u0142uguje wgl\u0105d osobie fizycznej, kt\u00f3ra je tam umie\u015bci\u0142a. Osoba ta\nma r\u00f3wnie\u017c praw do modyfikacji i zaprzestania przetwarzania swoich danych w\ndowolnym momencie. <\/p>\n\n\n\n<p>10. Zastrzegamy sobie prawo do\nzmiany w polityce ochrony prywatno\u015bci serwisu, na kt\u00f3re mo\u017ce wp\u0142yn\u0105\u0107 rozw\u00f3j\ntechnologii internetowej, ewentualne zmiany prawa w zakresie ochrony danych\nosobowych oraz rozw\u00f3j naszego serwisu internetowego. O wszelkich zmianach\nb\u0119dziemy informowa\u0107 w spos\u00f3b widoczny i zrozumia\u0142y.<\/p>\n\n\n\n<p>11. W Serwisie mog\u0105 pojawia\u0107 si\u0119\nlinki do innych stron internetowych. Takie strony internetowe dzia\u0142aj\u0105\nniezale\u017cnie od Serwisu i nie s\u0105 w \u017caden spos\u00f3b nadzorowane przez serwis www.ebikekrakowrental.pl.\nStrony te mog\u0105 posiada\u0107 w\u0142asne polityki dotycz\u0105ce prywatno\u015bci oraz regulaminy,\nz kt\u00f3rymi zalecamy si\u0119 zapozna\u0107.<\/p>\n\n\n\n<p>W razie w\u0105tpliwo\u015bci co\nkt\u00f3regokolwiek z zapis\u00f3w niniejszej polityki prywatno\u015bci jeste\u015bmy do dyspozycji\n&#8211; nasze dane znale\u017a\u0107 mo\u017cna w zak\u0142adce &#8211; KONTAKT.<\/p>\n","protected":false},"excerpt":{"rendered":"<p>Polityka prywatno\u015bci serwisu www.ebikekrakowrental.com.pl Informacje og\u00f3lne Niniejsza Polityka Prywatno\u015bci okre\u015bla zasady przetwarzania i ochrony danych osobowych przekazanych przez U\u017cytkownik\u00f3w w zwi\u0105zku z korzystaniem przez nich us\u0142ug wynajmu rower\u00f3w elektrycznych poprzez Serwis. 2. Administratorem danych osobowych zawartych w serwisie jest : DOMINIKA BRUSSMAN DAILY FRESH IDEAS&nbsp; z siedzib\u0105 &nbsp;31-271, Krak\u00f3w ul. Krowoderskich Zuch\u00f3w, 11\/26 . &nbsp;NIP 6771434975 &nbsp;, REGON : 120592921. 3. W trosce o bezpiecze\u0144stwo powierzonych nam danych opracowali\u015bmy wewn\u0119trzne procedury i zalecenia, kt\u00f3re maj\u0105 zapobiec udost\u0119pnieniu danych osobom nieupowa\u017cnionym. Kontrolujemy ich wykonywanie i stale sprawdzamy ich zgodno\u015b\u0107 z odpowiednimi aktami prawnymi &#8211; ustaw\u0105 o ochronie danych osobowych, ustaw\u0105 o \u015bwiadczeniu us\u0142ug drog\u0105 elektroniczn\u0105, a tak\u017ce wszelkiego rodzaju aktach wykonawczych i aktach prawa wsp\u00f3lnotowego. 4. Dane Osobowe przetwarzane s\u0105 na podstawie zgody wyra\u017canej przez U\u017cytkownika oraz w przypadkach, w kt\u00f3rych przepisy prawa upowa\u017cniaj\u0105 Administratora do przetwarzania danych osobowych na podstawie przepis\u00f3w prawa lub w celu realizacji zawartej pomi\u0119dzy stronami umowy.&hellip;<\/p>\n<p> <a class=\"more-link\" href=\"https:\/\/ebikekrakowrental.com.pl\/?page_id=218&#038;lang=pl\">Dowiedz si\u0119 wi\u0119cej<\/a><\/p>\n","protected":false},"author":1,"featured_media":0,"parent":0,"menu_order":0,"comment_status":"closed","ping_status":"closed","template":"","meta":{"footnotes":""},"_links":{"self":[{"href":"https:\/\/ebikekrakowrental.com.pl\/index.php?rest_route=\/wp\/v2\/pages\/218"}],"collection":[{"href":"https:\/\/ebikekrakowrental.com.pl\/index.php?rest_route=\/wp\/v2\/pages"}],"about":[{"href":"https:\/\/ebikekrakowrental.com.pl\/index.php?rest_route=\/wp\/v2\/types\/page"}],"author":[{"embeddable":true,"href":"https:\/\/ebikekrakowrental.com.pl\/index.php?rest_route=\/wp\/v2\/users\/1"}],"replies":[{"embeddable":true,"href":"https:\/\/ebikekrakowrental.com.pl\/index.php?rest_route=%2Fwp%2Fv2%2Fcomments&post=218"}],"version-history":[{"count":3,"href":"https:\/\/ebikekrakowrental.com.pl\/index.php?rest_route=\/wp\/v2\/pages\/218\/revisions"}],"predecessor-version":[{"id":779,"href":"https:\/\/ebikekrakowrental.com.pl\/index.php?rest_route=\/wp\/v2\/pages\/218\/revisions\/779"}],"wp:attachment":[{"href":"https:\/\/ebikekrakowrental.com.pl\/index.php?rest_route=%2Fwp%2Fv2%2Fmedia&parent=218"}],"curies":[{"name":"wp","href":"https:\/\/api.w.org\/{rel}","templated":true}]}}